(5/4))/2. Let y be 3/n*30/(-45). Is 846/18 + 4/y a prime number?
True
Let v = 37564 + -22077. Is v a composite number?
True
Suppose 0 = -5*i + 2 + 13. Let j be (i/4)/((-1)/(-4)). Suppose -4*r + 774 = 5*z, j*r - 252 - 329 = -4*z. Is r composite?
False
Let p = -131 + 137. Suppose 3769 = p*t - 8153. Is t a prime number?
True
Let o(d) = 6*d + 19 + 0 - 14*d + 1. Let y be o(7). Is -3 + y/(-15) - 10104/(-15) a composite number?
False
Suppose -781 = z + b, -9*z + 7*z + b - 1550 = 0. Let r = z + 2338. Is r a prime number?
False
Let y = -163 + 158. Let r(q) = 559*q**2 - 18*q - 18. Is r(y) a prime number?
False
Suppose -5*t + 4 = -2*n - 0, 4*t - 8 = 0. Suppose -8*v + 3*v - 31109 = -4*l, n*l + 4*v = 23293. Suppose l = 7*c - 9274. Is c composite?
True
Is (-9)/9*(-3001 + 2) prime?
True
Let p = -1 - -4. Suppose 0 = -0*j - p*j. Suppose 668 - 168 = 5*l + 3*k, j = 4*l + 2*k - 402. Is l prime?
True
Let v(x) = -7*x**2 - 249*x + 112. Let h be v(-36). Let m be (2/2 + 2)*1. Suppose -h*z + 2*t + 6741 = t, -5056 = -m*z + t. Is z a composite number?
True
Let f = -11 - -15. Let j be (f - (-1 + 8))/((-2)/(-14)). Let g(k) = k**3 + 21*k**2 - 9*k + 24. Is g(j) composite?
True
Let k(h) = -216*h + 8. Let y(l) = 3*l - 36. Let m be y(8). Let b be k(m). Suppose 2*z - b = 2018. Is z composite?
False
Let m(c) = -2*c - 1. Let x(v) = -1981*v**2 + 3*v + 17. Let j(h) = -4*m(h) - x(h). Is j(2) composite?
True
Suppose -2*p + 4*y = -4*p + 46, -65 = -4*p + y. Suppose -10*w + p*w = 0. Suppose 3*f - 4041 = 3*t, -3*f + w*f + 4045 = -4*t. Is f a composite number?
True
Suppose -5*m - y + 874109 = -465037, -5*m + 1339142 = -3*y. Is m a prime number?
True
Let w(x) = 12*x**2 + 18*x - 3. Let u(q) = 4*q - 8. Let o be u(4). Let c be w(o). Suppose m - 3*m = 4*a - 3660, -a + c = -m. Is a composite?
True
Let t be 142/(-6)*(206 + -8). Let c = t + 7529. Is c a prime number?
True
Suppose -108843 = -4*n + 3*n - 5*s, 0 = -5*n + 5*s + 544095. Suppose 9*y + 4*y - n = 0. Is y a composite number?
True
Let o(s) = -1 + 2*s + 104*s**2 + 122*s**2 + 4 - 10*s**2. Let j = 34 - 36. Is o(j) a prime number?
True
Suppose 11*y - 376595 = 68535 - 29539. Is y prime?
True
Suppose -97*s + 118643793 + 43968103 = 247*s. Is s prime?
True
Is 112/(-140) + (-10244508)/(-60) composite?
False
Is (6/(-4))/(9/(-2)*(-32)/(-11992128)) prime?
False
Let h(z) = -30*z**3 - 46*z**2 + 21*z + 110. Is h(-16) composite?
True
Let m be ((-4)/(24/21))/((-2)/(-4)). Let i = 19 - m. Is (-2 + 1)*93/(-6)*i a prime number?
False
Let q = -52455 + 340912. Is q composite?
True
Let v = 79 + -14. Let s = v - 56. Suppose s*h = 5*h + 2684. Is h a prime number?
False
Let n = 1565 + -365. Let w = n + -701. Is w a composite number?
False
Let g be (4079 - (-2 + 4))/(-1). Let c = 6760 + g. Is c composite?
False
Suppose 0 = 4*y + 47*b - 44*b - 4891733, 0 = -5*y + 2*b + 6114649. Is y a prime number?
True
Let k(u) = 3*u**3 + 3*u**2 - 10*u + 4. Suppose 0 = -f - 5, 7*h - 2*h = -3*f - 35. Let y be k(h). Is 107/2*y/(-10) composite?
True
Is 426/(-71) - (-1257035)/1 a prime number?
True
Let d be ((-1627)/2)/(((-35)/20)/7). Suppose 3*b = 2*b - d. Let i = b + 6211. Is i a composite number?
False
Let f = 67 - 63. Suppose -11*m + 9*m = -f. Suppose -69 = -i - 6*u + 5*u, 0 = -2*i + m*u + 130. Is i a prime number?
True
Let i = -15972 + 125275. Is i a prime number?
True
Suppose -5 + 13 = -2*z. Is 24/z + (6079 - 0) a composite number?
False
Let k be (-30)/(-45)*(-1)/(2/(-147)). Let u = k - 46. Suppose 0 = -o + 3*m + 2176, 10820 = 2*o + u*o - 3*m. Is o a composite number?
False
Let b(c) = -5*c**2 + 26*c - 3. Let s be b(13). Let i = s + 4559. Is i a composite number?
False
Suppose -783*v + 775*v + 3313290 = -4339262. Is v composite?
False
Suppose -22*m + 69 = -85. Is 39274/m - -5*30/350 prime?
False
Let b = 112 + -27. Suppose -b = -12*w - 5*w. Suppose -5*v = w, -2*m + v = -v - 4260. Is m composite?
False
Suppose -4*p - 2692 = -s + 6059, 2*s - 17484 = 2*p. Suppose -12*w = -3*w - s. Is w a composite number?
False
Let l(z) = -32*z**2 + 47*z + 26. Let b(r) = -21*r**2 + 31*r + 17. Let y(j) = -8*b(j) + 5*l(j). Let n be y(12). Suppose 2*v - n = 1240. Is v a composite number?
True
Let s(b) = -11*b + 26. Let q be s(2). Suppose -q*l - 28*d + 108621 = -33*d, -3*d = -5*l + 135760. Is l a prime number?
False
Suppose 55*h + 477336 = 3*p + 53*h, 3*p - 9*h - 477273 = 0. Is p a composite number?
True
Let y(g) = -151*g + 19. Let b be y(-19). Suppose b = 2*m + 2*x - 236, 0 = -5*m + x + 7816. Is m composite?
True
Let j(i) = -i**3 + 30*i**2 + 5*i - 59. Let q(d) = d**3 - 28*d**2 - 5*d + 58. Let l(m) = 4*j(m) + 3*q(m). Is l(36) composite?
True
Let j be 11/(5 + (-16095)/3220). Suppose 5*f = -0*g - 2*g + 35355, -f = 3*g - j. Suppose -11*h + f = -10*h. Is h a prime number?
True
Let x = -6606 - -9835. Suppose -2*y + x + 562 = i, -4*i = 3*y - 15169. Is i composite?
False
Let g be (-9)/((-180)/44) + 2/(-10). Suppose -g*o - 2*t = -2728, -9*o = -8*o - t - 1358. Is o composite?
False
Let c = -8099 - -5706. Suppose 33932 = 5*o + 7752. Let l = o + c. Is l composite?
False
Suppose -95*q + 7922686 = 42*q - 5312747. Is q composite?
True
Let r = -11633 - -16368. Is r prime?
False
Let b = -294039 + 539266. Is b a prime number?
False
Let l(z) = z**3 + 12*z**2 + 4*z + 3. Suppose -5*q - 9 - 96 = 0. Let m = q - -11. Is l(m) a prime number?
True
Suppose -6*w + 8*w - 4 = 0. Let b(m) = 12*m + 199*m**w + 94*m**2 - 14*m - 2. Is b(-1) a composite number?
False
Let v(z) = -28*z - 45. Suppose 11*p = 12*p + 7. Let m = -6 + p. Is v(m) composite?
True
Suppose 46*p + 59471475 = 121*p. Is p a composite number?
True
Is (-172)/774*211131/(-2) a composite number?
False
Suppose 0 = d - 5*a - 10608, 0 = -2*d - 3*a - 0*a + 21151. Suppose 5507 = 5*q - d. Is q composite?
True
Suppose -2*o - o + 2*z = 164, -o - 4*z - 36 = 0. Let g = -22 - o. Is 9852/g - (-1 - (-6)/15) prime?
False
Let z(d) = -6*d**2 - 109*d + 11. Let o(c) = c**2 + 22*c - 2. Let r(s) = -11*o(s) - 2*z(s). Let y be r(24). Suppose y = -7*x - 0*x + 10339. Is x prime?
False
Let l(o) = 4656*o - 3943. Is l(16) a prime number?
False
Suppose -43*x = -38*x - 3120. Suppose -623*c = -x*c + 1623. Is c composite?
True
Let z(c) = c**3 + 12*c**2 - 27*c - 9. Let l(n) = -3*n**3 - 36*n**2 + 82*n + 28. Let s(v) = 4*l(v) + 11*z(v). Is s(-15) a prime number?
True
Suppose 2*f = 4608 + 1702. Let v(j) = -j**3 + 24*j**2 - 64*j + 28. Let i be v(21). Suppose i*a + f = 12*a. Is a composite?
False
Is ((-120)/360)/(2/(-583302)) a composite number?
True
Suppose p - x + 6*x = -16, p - 3*x = -24. Let o be 6/21 - 36/p. Suppose 3*r + o*i = 317, 7*r + 4*i = 2*r + 531. Is r prime?
True
Let s = 69879 + -920. Is s composite?
True
Suppose -28*r - 297685 = -33*r. Is r composite?
True
Let b(a) = a**2 + 9*a + 18. Let d be b(-6). Suppose -3*f = 6572 - 24647. Suppose d = -13*i + f + 332. Is i prime?
False
Let m(o) = 6*o - 49. Let i be m(-10). Let h = i - -4380. Is h prime?
True
Suppose 58*x = -155201 + 687003. Is x a composite number?
True
Let h(p) = -p**3 + 3*p**2 + 3*p - 2. Let s be h(3). Suppose s*j = j. Suppose 7*w - 259 - 1610 = j. Is w prime?
False
Suppose 3*i - a - 2*a + 12 = 0, -3*i = -2*a + 11. Is 11355 - (-1 + 2 - i) composite?
False
Let h(c) be the third derivative of -c**4/24 + 4*c**3/3 + 9*c**2. Let r be h(4). Suppose 0 = 4*w + 3*k - 4295, 4*w - 4421 = -r*k - 125. Is w composite?
True
Let s = 910480 + -122843. Is s a prime number?
False
Let d = -41526 - -158395. Is d a prime number?
False
Suppose -j - 9 = -10*j. Let r be (-2 - (j + 0)) + 2764*1. Suppose k = -3*v - k + r, 5*k + 2768 = 3*v. Is v a composite number?
True
Suppose -2*o - 2*y + 10206 = 0, 5*o + 0*o - 25520 = -4*y. Suppose o = z - 13*f + 16*f, -3 = -3*f. Is z composite?
True
Let p be 4 - (-5 + 7) - (1 + -7). Is 3/((-268076)/(-33508) - p) composite?
False
Let j = -17 + 27. Suppose -j*c - 1156 = -4226. Is c a prime number?
True
Let w = 550437 - -253960. Is w a prime number?
False
Suppose 4*q = 3*d - 5, 4*q + 10 = 5*q + 3*d. Let h(j) = 3601*j**2 + 11*j - 11. Is h(q) a composite number?
True
Suppose 574826 - 383117 = 46*g - 751613. Is g a prime number?
True
Suppose -168971 - 1525983 = -12*q + 10*q. Is q a prime number?
True
Suppose -16790 = 47*p - 49*p. Suppose 24*d - p = 19*d. Is d a prime number?
False
Let j(o) = -3389*o + 1567. Is j(-128) prime?
True
Let